{"id":519,"date":"2022-07-07T08:05:25","date_gmt":"2022-07-07T06:05:25","guid":{"rendered":"https:\/\/www.dslive.fr\/?page_id=519"},"modified":"2022-07-11T07:15:58","modified_gmt":"2022-07-11T05:15:58","slug":"cookies","status":"publish","type":"page","link":"https:\/\/www.dslive.fr\/index.php\/cookies\/","title":{"rendered":"Cookies"},"content":{"rendered":"\t\t<div data-elementor-type=\"wp-page\" data-elementor-id=\"519\" class=\"elementor elementor-519\" data-elementor-post-type=\"page\">\n\t\t\t\t\t\t<section class=\"elementor-section elementor-top-section elementor-element elementor-element-2ac58d55 elementor-section-boxed elementor-section-height-default elementor-section-height-default\" data-id=\"2ac58d55\" data-element_type=\"section\" data-e-type=\"section\" data-settings=\"{&quot;background_background&quot;:&quot;classic&quot;,&quot;jet_parallax_layout_list&quot;:[]}\">\n\t\t\t\t\t\t<div class=\"elementor-container elementor-column-gap-default\">\n\t\t\t\t\t<div class=\"elementor-column elementor-col-100 elementor-top-column elementor-element elementor-element-7519e366\" data-id=\"7519e366\" data-element_type=\"column\" data-e-type=\"column\">\n\t\t\t<div class=\"elementor-widget-wrap elementor-element-populated\">\n\t\t\t\t\t\t<div class=\"elementor-element elementor-element-36225cbf elementor-widget elementor-widget-heading\" data-id=\"36225cbf\" data-element_type=\"widget\" data-e-type=\"widget\" data-settings=\"{&quot;motion_fx_motion_fx_scrolling&quot;:&quot;yes&quot;,&quot;motion_fx_devices&quot;:[&quot;desktop&quot;,&quot;tablet&quot;,&quot;mobile&quot;]}\" data-widget_type=\"heading.default\">\n\t\t\t\t<div class=\"elementor-widget-container\">\n\t\t\t\t\t<h2 class=\"elementor-heading-title elementor-size-default\">Cookies<\/h2>\t\t\t\t<\/div>\n\t\t\t\t<\/div>\n\t\t\t\t<div class=\"elementor-element elementor-element-260fd1df elementor-widget elementor-widget-text-editor\" data-id=\"260fd1df\" data-element_type=\"widget\" data-e-type=\"widget\" data-widget_type=\"text-editor.default\">\n\t\t\t\t<div class=\"elementor-widget-container\">\n\t\t\t\t\t\t\t\t\t<div id=\"sppb-addon-wrapper-1556433303805\" class=\"sppb-addon-wrapper\"><div id=\"sppb-addon-1556433303805\" class=\"clearfix \"><div class=\"sppb-addon sppb-addon-text-block \"><div class=\"sppb-addon-content\"><p><strong>Le Site fait intervenir les types de cookies ci-dessous :<\/strong><\/p><p><strong>Cookies internes ou cookies tiers<\/strong><\/p><p>De la m\u00eame fa\u00e7on, l\u2019ensemble des cookies mis en \u0153uvre via le Site sont, soit des cookies internes plac\u00e9s par le Site, soit des cookies tiers plac\u00e9s par des sites tiers.<\/p><p><strong>Cookies de session ou cookies persistants<\/strong><\/p><p>L\u2019ensemble des cookies mis en \u0153uvre via le Site sont, soit des cookies de session, soit des cookies persistants. Les cookies de session servent \u00e0 stocker temporairement des informations pour la dur\u00e9e de la session de navigation du Client sur le Site et sont supprim\u00e9s lorsque le Client quitte celui-ci. Au contraire, les cookies persistants permettent de conserver pendant un laps de temps d\u00e9fini certaines informations obtenues lors d\u2019un passage du Client sur le Site afin de pouvoir r\u00e9utiliser ces informations lors d\u2019une visite ult\u00e9rieure.<\/p><p><strong>Cookies internes<\/strong><\/p><p><strong>Cookies strictement n\u00e9cessaires au fonctionnement du Site<\/strong><\/p><p>Ces cookies sont n\u00e9cessaires \u00e0 la navigation sur le Site et \u00e0 l\u2019utilisation de certaines fonctionnalit\u00e9s du Site, comme l\u2019acc\u00e8s aux pages s\u00e9curis\u00e9es. Ces cookies ne recueillent pas d\u2019informations personnelles des Clients susceptibles d\u2019\u00eatre utilis\u00e9es dans le but de m\u00e9moriser les sites internet visit\u00e9s ou \u00e0 des fins de marketing.<\/p><p><strong>Cookies de performance pour mesurer l\u2019audience du Site<\/strong><\/p><p>Ces cookies recueillent des renseignements sur la mani\u00e8re dont les Clients utilisent le Site. Ils permettent notamment d\u2019identifier les pages que les Clients consultent le plus souvent. Ces cookies ne recueillent pas d\u2019informations personnelles des Clients. Toutes les informations sont anonymes. Ces cookies sont utilis\u00e9s uniquement pour permettre \u00e0 DS Live d\u2019optimiser le fonctionnement du Site.<\/p><p><strong>Cookies fonctionnels pour personnaliser la navigation ou utiliser certaines fonctionnalit\u00e9s du Site<\/strong><\/p><p>Ces cookies se souviennent des choix effectu\u00e9s par les Clients (par exemple\u00a0: la langue) et permettent de personnaliser la navigation. Ils peuvent \u00e9galement permettre d\u2019utiliser certaines fonctionnalit\u00e9s.<\/p><p><strong>Cookies de ciblage<\/strong><\/p><p>Ces cookies permettent d\u2019afficher des publicit\u00e9s ou des messages susceptibles d\u2019int\u00e9resser les Clients. Les cookies de ciblage relatifs au Site sont mis en \u0153uvre par des tiers.<\/p><p><strong>Cookies tiers<\/strong><\/p><p><strong>Pour mesurer l\u2019audience<\/strong><\/p><table><tbody><tr><td width=\"98\"><p><strong>Nom du cookie<\/strong><\/p><\/td><td width=\"353\"><p><strong>Type<\/strong><\/p><\/td><td width=\"276\"><p><strong>Description<\/strong><\/p><\/td><\/tr><tr><td width=\"98\"><p>_ga.<\/p><\/td><td width=\"353\"><p>Cookie permanent tiers de statistique et de suivi<\/p><\/td><td width=\"276\"><p>Distinguer les utilisateurs.<\/p><\/td><\/tr><tr><td width=\"98\"><p>_gid.<\/p><\/td><td width=\"353\"><p>Cookie permanent tiers de statistique et de suivi<\/p><\/td><td width=\"276\"><p>Ces cookies servent \u00e0 mettre en \u0153uvre le service Google Analytics.<\/p><\/td><\/tr><\/tbody><\/table><p><strong>Pour am\u00e9liorer l\u2019interactivit\u00e9 du site<\/strong><\/p><table width=\"712\"><tbody><tr><td width=\"85\"><p><strong>Nom du cookie<\/strong><\/p><\/td><td width=\"271\"><p><strong>Type<\/strong><\/p><\/td><td width=\"334\"><p><strong>Description<\/strong><\/p><\/td><\/tr><tr><td width=\"85\"><p>_NID<\/p><\/td><td width=\"271\"><p>Cookie permanent tiers de pr\u00e9f\u00e9rences<\/p><\/td><td width=\"334\"><p>M\u00e9moriser, \u00e0 l\u2019aide d\u2019un identifiant unique vos pr\u00e9f\u00e9rences et autres informations.<\/p><\/td><\/tr><tr><td width=\"85\"><p>_utmb<\/p><\/td><td width=\"271\"><p>Cookie de session tiers de statistique et de suivi<\/p><\/td><td width=\"334\"><p>Ce cookie est utilis\u00e9 pour suivre la session de visite de l\u2019internaute. L\u2019utilisation de ce cookie coupl\u00e9e avec le cookie utmc permet de suivre les visites (sessions) sur un site donn\u00e9.<\/p><\/td><\/tr><tr><td width=\"85\"><p>_utmc<\/p><\/td><td width=\"271\"><p>Cookie de session tiers de statistique et de suivi pr\u00e9f\u00e9rence<\/p><\/td><td width=\"334\"><p>Ce cookie fonctionne en compl\u00e9ment du cookie _utmb pour d\u00e9terminer si oui ou non il y a une nouvelle visite par le visiteur actuel.<\/p><\/td><\/tr><\/tbody><\/table><p>Le Site propose au Client une fonctionnalit\u00e9 de partage de contenus sur les r\u00e9seaux sociaux Facebook, Twitter, LinkedIn etc. Facebook est inform\u00e9 lorsque le Client navigue sur la page du Site contenant le bouton de partage Facebook. Par ailleurs, lorsque le Client actionne le bouton de partage Facebook et cr\u00e9e ou se connecte \u00e0 son compte, Facebook met en \u0153uvre des cookies qui suivent sa navigation sur internet. De la m\u00eame fa\u00e7on, lorsque le Client utilise le bouton de partage Twitter ou LinkedIn et cr\u00e9e ou se connecte \u00e0 son compte, Twitter ou LinkedIn mettent en \u0153uvre des cookies. Ces cookies \u00e9chappent au contr\u00f4le de DS Live. Le Client est invit\u00e9 \u00e0 consulter la politique d\u2019utilisation des donn\u00e9es et les r\u00e8gles d\u2019utilisation des cookies respectifs des r\u00e9seaux sociaux concern\u00e9s.<\/p><p>Le Site utilise l\u2019outil d\u2019analyse Google Analytics qui implique la mise en \u0153uvre de cookies, par Google, pour identifier le Client, ses visites sur le Site et les sites consult\u00e9s pr\u00e9alablement. Le traitement de ces informations par l\u2019outil Google Analytics permet \u00e0 DS Live de disposer de statistiques sur l\u2019utilisation du Site. Ces cookies \u00e9chappent au contr\u00f4le de DS Live. Pour en savoir plus sur l\u2019utilisation de ces cookies et sur les r\u00e8gles de confidentialit\u00e9 de Google, le Client est invit\u00e9 \u00e0 consulter les liens suivants :<\/p><p><a href=\"http:\/\/www.google.com\/policies\/technologies\/ads\">http:\/\/www.google.com\/policies\/technologies\/ads<\/a><\/p><p><strong>Param\u00e9trages<\/strong><\/p><p>Le Client a la possibilit\u00e9 de param\u00e9trer son navigateur pour supprimer les cookies d\u00e9j\u00e0 install\u00e9s sur son terminal, pour \u00eatre invit\u00e9 \u00e0 accepter ou refuser l\u2019installation de cookies au cas par cas ou pour accepter ou refuser automatiquement tous les cookies pour certains sites ou pour tous les sites. Toutefois, le refus d\u2019utilisation des cookies peut emp\u00eacher certaines fonctionnalit\u00e9s du Site de fonctionner.<\/p><p>Les param\u00e9trages de gestion des cookies varient selon les navigateurs. Merci de vous r\u00e9f\u00e9rer aux instructions relatives au navigateur que vous utilisez directement aupr\u00e8s de son \u00e9diteur respectif.<\/p><p>Pour plus de renseignements sur les cookies et la fa\u00e7on de param\u00e9trer son navigateur, le Client est invit\u00e9 \u00e0 consulter le Site suivant\u00a0:\u00a0<a href=\"http:\/\/www.allaboutcookies.org\/fr\">http:\/\/www.allaboutcookies.org\/fr<\/a>.<\/p><\/div><\/div><\/div><\/div>\t\t\t\t\t\t\t\t<\/div>\n\t\t\t\t<\/div>\n\t\t\t\t<div class=\"elementor-element elementor-element-7a2071a0 elementor-icon-list--layout-inline elementor-align-start elementor-mobile-align-center elementor-tablet-align-center elementor-list-item-link-full_width elementor-widget elementor-widget-icon-list\" data-id=\"7a2071a0\" data-element_type=\"widget\" data-e-type=\"widget\" data-widget_type=\"icon-list.default\">\n\t\t\t\t<div class=\"elementor-widget-container\">\n\t\t\t\t\t\t\t<ul class=\"elementor-icon-list-items elementor-inline-items\">\n\t\t\t\t\t\t\t<li class=\"elementor-icon-list-item elementor-inline-item\">\n\t\t\t\t\t\t\t\t\t\t\t<span class=\"elementor-icon-list-icon\">\n\t\t\t\t\t\t\t<i aria-hidden=\"true\" class=\"fas fa-phone\"><\/i>\t\t\t\t\t\t<\/span>\n\t\t\t\t\t\t\t\t\t\t<span class=\"elementor-icon-list-text\">06.60.44.25.92<\/span>\n\t\t\t\t\t\t\t\t\t<\/li>\n\t\t\t\t\t\t\t\t<li class=\"elementor-icon-list-item elementor-inline-item\">\n\t\t\t\t\t\t\t\t\t\t\t<span class=\"elementor-icon-list-icon\">\n\t\t\t\t\t\t\t<i aria-hidden=\"true\" class=\"fas fa-map-marker-alt\"><\/i>\t\t\t\t\t\t<\/span>\n\t\t\t\t\t\t\t\t\t\t<span class=\"elementor-icon-list-text\">13, All\u00e9e des Glycines Orly 94310<\/span>\n\t\t\t\t\t\t\t\t\t<\/li>\n\t\t\t\t\t\t\t\t<li class=\"elementor-icon-list-item elementor-inline-item\">\n\t\t\t\t\t\t\t\t\t\t\t<span class=\"elementor-icon-list-icon\">\n\t\t\t\t\t\t\t<i aria-hidden=\"true\" class=\"far fa-envelope\"><\/i>\t\t\t\t\t\t<\/span>\n\t\t\t\t\t\t\t\t\t\t<span class=\"elementor-icon-list-text\">dslive.group (@) gmail.com<\/span>\n\t\t\t\t\t\t\t\t\t<\/li>\n\t\t\t\t\t\t<\/ul>\n\t\t\t\t\t\t<\/div>\n\t\t\t\t<\/div>\n\t\t\t\t\t<\/div>\n\t\t<\/div>\n\t\t\t\t\t<\/div>\n\t\t<\/section>\n\t\t\t\t<\/div>\n\t\t","protected":false},"excerpt":{"rendered":"<p>Cookies Le Site fait intervenir les types de cookies ci-dessous : Cookies internes ou cookies tiers De la m\u00eame fa\u00e7on, l\u2019ensemble des cookies mis en \u0153uvre via le Site sont, soit des cookies internes plac\u00e9s par le Site, soit des cookies tiers plac\u00e9s par des sites tiers. Cookies de session ou cookies persistants L\u2019ensemble des [&hellip;]<\/p>\n","protected":false},"author":1,"featured_media":0,"parent":0,"menu_order":0,"comment_status":"closed","ping_status":"closed","template":"","meta":{"footnotes":""},"class_list":["post-519","page","type-page","status-publish","hentry"],"_links":{"self":[{"href":"https:\/\/www.dslive.fr\/index.php\/wp-json\/wp\/v2\/pages\/519","targetHints":{"allow":["GET"]}}],"collection":[{"href":"https:\/\/www.dslive.fr\/index.php\/wp-json\/wp\/v2\/pages"}],"about":[{"href":"https:\/\/www.dslive.fr\/index.php\/wp-json\/wp\/v2\/types\/page"}],"author":[{"embeddable":true,"href":"https:\/\/www.dslive.fr\/index.php\/wp-json\/wp\/v2\/users\/1"}],"replies":[{"embeddable":true,"href":"https:\/\/www.dslive.fr\/index.php\/wp-json\/wp\/v2\/comments?post=519"}],"version-history":[{"count":10,"href":"https:\/\/www.dslive.fr\/index.php\/wp-json\/wp\/v2\/pages\/519\/revisions"}],"predecessor-version":[{"id":578,"href":"https:\/\/www.dslive.fr\/index.php\/wp-json\/wp\/v2\/pages\/519\/revisions\/578"}],"wp:attachment":[{"href":"https:\/\/www.dslive.fr\/index.php\/wp-json\/wp\/v2\/media?parent=519"}],"curies":[{"name":"wp","href":"https:\/\/api.w.org\/{rel}","templated":true}]}}